. What is i(b)?
-5
Let b(p) be the first derivative of -p**2 + 59*p + 256. Determine b(0).
59
Let x(j) = -8*j**2 + 3*j - 98. Let y(d) = -d**2 + 48. Let c(u) = -2*x(u) - 4*y(u). Calculate c(1).
18
Let u = -268 - -269. Let m(i) = -2*i + 2. Let o(p) = 10*p - 9. Let g(s) = u*o(s) + 3*m(s). Calculate g(-6).
-27
Let x = -5036 + 5027. Let d(u) = -u**3 - 9*u**2 - u + 8. Calculate d(x).
17
Let q(f) = -7*f**3 - f**2 + f + 5. Suppose 74*r + 12 = -89 - 47. Give q(r).
55
Let x(w) = -8*w + 42. Let f(c) = -c**3 + 5*c**2 + c - 9. Let s be f(2). What is x(s)?
2
Let i(h) = -h**3 - 3*h**2 + 1. Let j(m) = 4*m + 2. Let w be j(-5). Let a(p) = 4*p**3 - 55*p**2 - 12*p - 44. Let x be a(14). Let c = w - x. What is i(c)?
-3
Let i(l) = -3*l**3 - l**2 - 2*l - 6. Let s(r) = -8*r**3 - 4*r**2 - 7*r - 17. Let d(t) = 11*i(t) - 4*s(t). Suppose -81*h + 16*h + 390 = 0. What is d(h)?
2
Suppose -22 = -2*s + j, -3*s + 3*j = -13 - 26. Let l(o) = -s*o + 11 + 11*o - 1 + o + 6. Calculate l(-5).
1
Let m(h) = -7*h**3 - 35*h**2 + 2. Let u be m(-5). Suppose 6 = -0*c + 2*c. Let i(b) = 13 + 2*b**2 + 9*b**u - b - 2*b**2 - b**c. What is i(9)?
4
Let z = 82 + -79. Let b be ((-108)/(-18))/(2/(-3)*z). Let a(l) = l + 4 + l**2 + 2*l + l**3 + 4*l**2 + 0. Calculate a(b).
13
Let g(y) = -y**2 + 6*y - 1. Let l be g(5). Let w(q) = -4*q - 29. Let p be w(-9). Let v(j) = -2*j**3 + j - 5*j**2 - p*j**3 + 10*j**3 + 3*j + 1. Give v(l).
1
Let b(p) be the third derivative of -p**6/120 + p**5/10 - 5*p**4/24 + p**3/6 - 3454*p**2. Calculate b(6).
-29
Let x(q) be the second derivative of q**3/6 + 45*q**2/2 - q - 911. Determine x(-42).
3
Let v(y) be the third derivative of -1/60*y**5 - 19*y**2 + 0*y + 0 - 5/12*y**4 - 4/3*y**3. Suppose h - 5*p = -9, 9 = -h - 3*p - 0. Give v(h).
1
Let w(t) = t + 49. Let f be (4/(-6))/((-176)/264) + 50/(-2). Calculate w(f).
25
Let f(h) = -8432*h**2 + 3*h + 22 + 4200*h**2 + 2*h**3 + 4217*h**2. Give f(7).
-6
Let p = 2766 + -2778. Let m(y) = y**3 + 13*y**2 + 7*y + 3. What is m(p)?
63
Let s(y) = y**3 - 6*y - 3. Let t be s(3). Suppose 2 = -r + t*r + 2*j, -3*j + 3 = -5*r. Let z(n) = 3*n + 3 - n + r*n - n. Calculate z(0).
3
Let c(y) = 2*y**2 - 3*y - 2. Let o(s) = -9 - 5 + 1 + 4 + s. Let v be o(12). Give c(v).
7
Let u(q) be the first derivative of -q - 3/2*q**2 - 63. Determine u(6).
-19
Let u be (1 - -3) + (-8 - -16). Suppose 8*m - u*m = 4. Let n(g) = -g - 10*g + 8*g - 3*g. Give n(m).
6
Let j(m) = m + 1. Let x = -144 + 147. Suppose -24 = x*t + t. Calculate j(t).
-5
Let g(y) = 597*y - 6. Let h(b) = -373*b + 4. Let q(x) = -5*g(x) - 8*h(x). Let u(k) = 2*k - k**2 - 2 + 3 + 2 + k. Let v be u(3). What is q(v)?
-5
Let v(p) be the second derivative of p**7/840 + p**6/36 + p**4/3 - p**3/3 + 32*p**2 - 18*p + 3. Let l(t) be the second derivative of v(t). What is l(-10)?
8
Let p(f) be the second derivative of -f**3/6 + 11*f**2/2 - 88*f - 16. Give p(12).
-1
Let i(j) be the third derivative of j**5/40 + j**4/24 - 11*j**3/3 + 2*j**2 + 42. Let d(f) be the first derivative of i(f). Give d(-1).
-2
Let h(a) = -a + 1. Let n(l) = 3*l + 22. Let t(i) = -4*h(i) - 2*n(i). Let o be t(-19). Let d(r) = 12*r. Let g(s) = s. Let x(f) = o*g(f) + d(f). Determine x(1).
2
Let r(z) be the first derivative of 1/3*z**3 + 2*z**2 + 141 - 4*z. Determine r(-9).
41
Let s(d) = -3*d + d**3 + 3*d**2 + 4*d**2 - 11*d**2 - 3 + 3*d**2. Let y be (11/22)/(-1 - (-13)/12). Suppose -y = f + 2*f. Give s(f).
-9
Let d(z) = 3*z**3 - 251*z**2 + 165*z + 73. Let q be d(83). Let y(h) = -h**3 - 10*h**2 - 9*h - 11. What is y(q)?
79
Let u(q) = q**2 + 3*q + 3. Suppose 0 = 4*s - s - 12. Let h be ((-5)/s - -1) + (-210)/120. What is u(h)?
1
Let y(m) = 23*m**3 - 2*m**2 - m + 7. Let l(b) = -81*b**3 + 7*b**2 + 3*b - 21. Let j(h) = 2*l(h) + 7*y(h). Calculate j(4).
-61
Let b(g) = 7 - 3*g**3 - 50 - 102*g**2 + 30 + 2*g**3 + 12 + 92*g**2. Let n be 1 - 2 - (-9)/(-1). What is b(n)?
-1
Let l(s) = s - 2. Suppose 0 = 9*v + 25 - 7. Let x be 1 - ((-6)/v - (12 - 7)). Give l(x).
1
Let k(m) = -6946*m**3 - 4*m**2 - 5*m - 2. Let u be k(-1). Suppose u = -14*w + 169639. Let t(h) = w + 4*h - 11621. Calculate t(6).
24
Let u(t) = -3*t**2 + 33*t + 2. Let r be u(11). Let z(f) = 41*f**r - 1 + 674*f - 676*f - 9*f**2. What is z(-1)?
33
Let n(s) be the first derivative of -s**5/24 - s**4/24 - 11*s**3/3 + 3*s - 16. Let o(t) be the third derivative of n(t). Suppose 0*i + 4 = 4*i. Determine o(i).
-6
Let o = -2852 + 2858. Let r(c) = c**3 - 8*c**2 + 9*c + 1. Give r(o).
-17
Let m(p) = 56*p + 50 + 73 - 31 - 82*p. What is m(3)?
14
Let l(y) = -14*y + 1. Let h = -11 + 16. Let q = 695 - 694. Suppose g + 4 = q, 3*a - 18 = h*g. Determine l(a).
-13
Let j(r) = -44*r**3 + 12*r**2 + 53*r + 28. Let n(w) = -14*w**3 + 4*w**2 + 17*w + 9. Let s(b) = 6*j(b) - 19*n(b). Determine s(-2).
-25
Let u(i) = -i**3 - 14*i**2 - 34*i - 13. Let m(b) = 8*b**3 - b**2 + b - 1. Let a be m(-1). Let k be u(a). Let n(p) = p**2 + p - 2. Give n(k).
0
Suppose 0 = 19*m - 37*m - 18. Let y be (m*(-4)/(-10))/((-36)/180). Let b(f) be the third derivative of -11*f**4/24 - f**3/3 + 2*f**2. Calculate b(y).
-24
Suppose 3*w + 11 = 14*w. Let r(g) = -2*g**3 - g + 0*g**3 + 3*g**3. Let j(f) = 3*f**3 - 2*f + 18. Let i(k) = w*j(k) - 2*r(k). Determine i(0).
18
Let g(b) = -47*b + 1. Let a = 8669 + -8667. Determine g(a).
-93
Let d = -16 + 18. Suppose -d*c = m - 4, 11 = 4*c + c + 2*m. Let v(k) = -k**2 - 36*k + 79*k + c - 43*k. Determine v(-4).
-13
Let j(a) = a**3 - 24*a**2 - 5*a + 10. Let f be 15*((-348)/(-230) - 56/(-644)). Calculate j(f).
-110
Let y be -1 - 4 - (9 - 16). Suppose 0 = -c - c + y. Let q(g) = 6*g**2 + g. Give q(c).
7
Let s(m) be the first derivative of -51*m**4/2 + 2*m**3/3 - 3*m**2/2 + 2*m + 4697. What is s(1)?
-101
Let u(s) = s**3 - 3*s**2 - 4*s + 4. Suppose 3*t = -k + 97, 3*k - 459 = -2*k - 2*t. Suppose -68*n + k*n = 69. Give u(n).
-8
Let d(b) be the third derivative of -b**6/120 - b**5/5 - 7*b**4/6 - 11*b**3/6 - 2218*b**2. What is d(-9)?
-2
Let y(x) = -107*x**2 - 119*x + 170. Let k(q) = -39*q**2 - 40*q + 57. Let v(r) = 11*k(r) - 4*y(r). Give v(35).
-18
Let p(q) = -7*q - 5. Suppose 0 = 2*o - 10, -6*f - 85 = -3*f + 4*o. Let r be (f/(-21))/((-3)/9). Calculate p(r).
30
Let l(u) = -2*u**2 + 20*u + 9. Let v(y) = y**2 - 11*y - 4. Let x(g) = 4*l(g) + 7*v(g). Determine x(4).
4
Let d(t) = -3*t**2 + 2*t + 17. Suppose 79*c - 242 = -109*c - 806. Calculate d(c).
-16
Let q(i) = i**3 - 5*i**2 - 6*i - 6. Let x be 2/11 - (-720)/33. Suppose x*b - 24 = 18*b. Calculate q(b).
-6
Let c(a) be the first derivative of -a**2/2 + 2*a + 493. Calculate c(-12).
14
Let n(f) = 3*f + f**3 + 18*f + 6*f**2 - 13*f + 7. Let z(k) = k + 1. Let m be z(3). Suppose j + 5 = -m*g - 0, 4*g = 0. Calculate n(j).
-8
Let d = 2028 + -2850. Let o = d - -823. Let b(a) = -48*a**2 - a. Give b(o).
-49
Let k(n) be the second derivative of -n**5/20 + 4*n**4/3 - 13*n**3/6 - 23*n**2/2 + 6*n - 64. Calculate k(15).
7
Let a(z) = -12*z - 11. Suppose 4*n = 4*r - 16, 185*n + r = 190*n + 20. Give a(n).
37
Let m(r) = r + 67. Let s be m(-30). Let y = s - 34. Suppose 6*d + 5 = 4*a + 3*d, 4*d = y*a + 5. Let k(w) = w**2 - 3*w - 4. Calculate k(a).
6
Let j(t) = -t**3 + 6*t**2 - 1. Let u be (-75)/30*66/(-15) - (-5)/(-1). Calculate j(u).
-1
Let m(i) = -3*i - 21. Let h be m(-7). Suppose s + a - 12 = 0, -a = 2 - h. Let g(u) = -u + 11 - 2*u - s + 5. Calculate g(2).
-4
Let p(d) = -4*d**2 - 9*d - 8. Let u(i) = -29*i**2 - 65*i - 60. Let q(w) = 15*p(w) - 2*u(w). Give q(-8).
-88
Let y be 13 + (-13 - 0/(-6)). Let t = -4 - -6. Let j(f) = y*f + f**t + 8 - 3*f - 5. Determine j(2).
1
Let y be (-21)/(-35) - 12/(-5). Suppose 8*s + 30 = y*s. Let t(j) = 4*j + 22. Let v be t(s). Let l(c) = -2*c**2 - 2*c + 1. What is l(v)?
-3
Let h(f) = 6*f - 39. Let c(u) = -8*u**2 + 225*u - 21. Let a be c(28). What is h(a)?
3
Let t(b) = 3*b**3 + b**2 - 6*b + 1. Let c(h) = h**3 - 3*h. Let q(o) = -3*o - 10. Let v be q(-4). Let d(x) = v*t(x) - 5*c(x). Let y = -2722 + 2720. What is d(y)?
-4
Let j(b) = b**2 - 11*b + 17. Suppose -4*w + 4*m = 0, -5*m + 63 = -650*w + 654*w. What is j(w)?
-11
Let p(v) = -v**3 + 15*v**2 + v - 10. Suppose -3*n - 16*n - 164 = -449. Give p(n).
5
Let w(j) be the third derivative of -j**6/120 + j**5/20 - j**4/24 - j**3/6 - 12937*j**2. Let m = 12 - 10. Calculate w(m).
1
Let z(p) = p**2 - 12*p + 12. Suppose 5*n + 47 = 3*k, -k - 3